 = -d*o + 22. What is the units digit of o?
1
Suppose 0 = -8*o + 3*o + 15. Suppose 4*d + 3*r - 2 = o*d, 4*d = -2*r + 8. What is the units digit of d?
2
Let c(j) = j - 3. Let o be 4 - (2 + (-3)/1). Let n be c(o). Let t(g) = g**3 - 3*g**2 + 2*g + 1. What is the units digit of t(n)?
1
Suppose -3*a + 0*a = -15. Suppose a*i - 525 = 5*t, t - 222 = 3*t + 2*i. What is the tens digit of t/(-8) + 1/2?
1
Suppose 10*d - 44 = 8*d. What is the tens digit of d?
2
Let w(t) = t**3 - 7*t**2 + 6*t + 3. Let k be w(6). Suppose -2*x = k*i - 2, 5*x + 2*i = 17 + 10. What is the units digit of x?
7
Suppose 4*a - 5*u - 55 - 124 = 0, 0 = -a + 4*u + 42. What is the tens digit of a?
4
Suppose -h - 5 = 0, 0 = i - 2*h - h - 38. What is the units digit of i?
3
Let n = -4 + 6. Let d(r) = -r**3 + r + 5. Let s be d(0). Let j = s - n. What is the units digit of j?
3
Suppose -o - 5*b + 57 = -20, -4*b + 209 = 3*o. What is the units digit of o?
7
Suppose 10 = 4*d + 3*g, -4 = -2*d - 2*g + 2. Let o(t) = t. Let x be o(d). Let b = x + 0. What is the units digit of b?
1
Let h(u) = -u**3 + 3*u**2 + 2*u + 3. Let x be h(4). Let w(y) = -7*y - 5*y**2 + 4*y**2 - 4*y + 4*y. What is the units digit of w(x)?
0
Suppose -2*j = j - 6. Let f be 3/6*j*1. Let y = f + 1. What is the units digit of y?
2
Suppose -2*r + 2*c = -122, 0*r + 3*c + 303 = 5*r. Suppose -3*u - 41 = -5*w + 81, r = 2*w - 4*u. What is the tens digit of w?
2
Suppose -3*p = 2*p - 70. What is the units digit of p?
4
Suppose -4*g - 2*b - 3*b = -21, -g + 3*b + 18 = 0. What is the tens digit of (-27 + g)/((-3)/2)?
1
Let o = 76 - 29. What is the tens digit of o?
4
Let v(f) = -2*f**2 - 17*f + 1. Let m be v(-9). Let t be 4/(-6) - 75/9. Let a = m - t. What is the units digit of a?
1
Let k be ((-5)/20)/((-1)/4). Let w be k/2 - 92/(-8). Let l = 29 - w. What is the tens digit of l?
1
Let z(s) = 3*s**2 + 4*s - 9. What is the tens digit of z(-6)?
7
Suppose 0*k = -k. Suppose k = 2*y - 2*h - 22, 3*y - y - 19 = 3*h. What is the tens digit of y?
1
Suppose -s = 4*j - 15, 4*s - 3*j = 8*s - 21. Let m = 1 + s. Suppose m*f + 2 - 30 = 0. What is the units digit of f?
7
Let q(i) be the first derivative of -i**4/4 - i**2/2 + 5*i - 1. What is the units digit of q(0)?
5
Let s be (1*-1)/(2/18). What is the units digit of 66/4*(-12)/s?
2
Suppose 340 = 5*n + s, 310 = 4*n + 4*s + 38. Suppose 5*r = -b + n, -r + 2 + 18 = -3*b. What is the tens digit of r?
1
Let v(x) = x**3 - 8*x**2 - 7*x - 13. Let z be v(9). Suppose 92 = 5*u + a, -z*a - 53 = -u - u. What is the units digit of u?
9
Let q be 8/36 + (-112)/18. Let o(l) = l + 7. What is the units digit of o(q)?
1
Let h(c) = -c**2 + 6*c + 9. Let t be h(9). Let w = -9 - t. What is the units digit of w?
9
Let i = 2 + 10. Let m = 18 - i. Let o(f) = f**3 - 5*f**2 - 6*f + 4. What is the units digit of o(m)?
4
Let w(l) = 13*l**2 + 2*l + 2. Let j be w(-2). Suppose 0*g + j = 5*g. What is the tens digit of g?
1
Let z(u) = u**2 - u + 15. Let y be z(0). Suppose -3*g = -0 - y. Suppose 56 = -b + g*b. What is the units digit of b?
4
Suppose 4*r + 0*r = 12. Suppose -18 + 3 = -r*v. What is the units digit of v?
5
Suppose d + 3 = 4*j, 0*d + 97 = -4*d - j. Let t = 32 + d. Let l = -4 + t. What is the units digit of l?
5
Let z = -25 - -51. What is the units digit of z?
6
Suppose 0*y = y - 5. Let p be (-2 - -3) + 15/3. Suppose -y*k = -2*n + 15, -n + k = -3*k - p. What is the units digit of n?
0
Let d be (-92)/(-22) + (-4)/22. Suppose q - d = 5*q. What is the units digit of 0 + -7*(q + 0)?
7
Suppose 0 = -3*k + 8*k - 20. Suppose 0 = -k*r + r + 33. What is the units digit of r?
1
Let l(m) = 2*m**2 + 6*m - 2. What is the tens digit of l(-6)?
3
Suppose 4*g - 3*l - 18 = 0, 2*l = -2*g - l. Suppose 2*c + z - 9 = 0, -g*c = -8*c - z + 21. What is the units digit of ((-2)/c)/(1/(-2))?
1
Suppose -4*v = -2*k + 7*k - 53, -2*k = -2*v - 32. What is the tens digit of k?
1
Let i = 16 - -19. What is the tens digit of i?
3
Suppose j + 20 = 6*j, -34 = 2*m - 4*j. What is the units digit of (-5)/(-10) + m/(-2)?
5
Let h be -6 - 3 - (0 + 1). What is the units digit of 2/h + 1716/55?
1
Let o(j) = j**3 - 3*j**2 - 1. Let d be o(4). Let l = 43 + -22. Let w = l - d. What is the units digit of w?
6
Let r(a) be the third derivative of -a**4/24 + a**3/3 + a**2. Let v be r(-5). What is the units digit of (1 - 3) + v - 3?
2
Suppose 4*l = 3*l + 46. What is the tens digit of l?
4
Let l(g) = -g**2 + 15*g - 2. Let z be l(11). Let d = -20 + z. What is the units digit of d?
2
Let d(l) = -2*l - 3. Let n be (6/(-2))/(18/12). What is the units digit of d(n)?
1
Suppose -5*w = 17*w - 3542. What is the units digit of w?
1
Let k be (-560)/(-3)*6/5. What is the tens digit of k/10 - 24/(-40)?
2
Suppose -9*g + 133 = -4*g - 3*n, 2*n - 124 = -4*g. What is the units digit of g?
9
Suppose 4*p = 3*p + 4. Suppose 0 - 6 = -g + 5*n, g - 15 = -p*n. What is the units digit of g?
1
Suppose 0 + 3 = z. Suppose z*k - 4 - 2 = 0. What is the units digit of k?
2
Let w = 10 + -7. Suppose -27 - 8 = -w*z - 4*t, -z + 5*t = 1. What is the units digit of z?
9
What is the tens digit of -4 - 0 - (-5 - 18 - 0)?
1
Let d = -24 + 173. What is the hundreds digit of d?
1
Suppose -37 = -g - 34. What is the units digit of g?
3
Let f = 6 + -4. Suppose -n + 15 = -3*y, 0 = -3*n - 0*n + f*y + 17. Suppose 5*t - n = -i, 0*i + 3*i = -3*t - 3. What is the units digit of t?
1
Suppose 3 = -3*i, -h = -3*h + 3*i + 547. What is the tens digit of h?
7
Suppose 0 = -3*j - 0*j + 9. What is the units digit of j?
3
Let o(r) = 7*r**3 - 3*r**2 - 8*r + 11. Let i(v) = -4*v**3 + v**2 + 4*v - 5. Let a(l) = -5*i(l) - 2*o(l). What is the tens digit of a(2)?
4
Suppose -5*o - 3*c - 5 - 7 = 0, -4*o + 5*c + 20 = 0. What is the units digit of 9/(-3) - o - -17?
4
Let c(m) be the second derivative of -m**5/20 - m**3/6 + 3*m**2/2 - 3*m. Let l be (0*(1 + 0))/(-1). What is the units digit of c(l)?
3
Let z(s) = -s + 3. Let l(g) = 4*g - 4. Let t be l(3). Let w(r) = -r. Let u be w(t). What is the units digit of z(u)?
1
Let a(r) be the first derivative of r**4/4 + r**3/3 - r**2/2 + 22*r - 2. Let y be a(0). Let w = y - 13. What is the units digit of w?
9
Let r = 38 + -11. Let o be 3 - (0 + 3 + -4). Suppose -o*f + r = -f. What is the units digit of f?
9
Suppose -l = -w + 127, 0 = w + 5*l - 108 - 43. What is the hundreds digit of w?
1
Let i(y) = 3*y + 1. What is the units digit of i(1)?
4
Let f(h) = -82*h**3 - h - 2. What is the tens digit of f(-1)?
8
Let k = 73 - 53. What is the tens digit of k?
2
Let a(f) = 46*f + 2. What is the tens digit of a(3)?
4
Let c(f) = f**2 + 5*f + 3. Let m be c(-6). Let k = 35 - m. What is the tens digit of k?
2
Suppose 3*l - 2373 = -4*l. What is the units digit of l?
9
Suppose 6 = -0*a - 2*a - d, a - d = 3. Let x be -1 + (1 + -2 - -1). What is the units digit of x/(a*1/13)?
3
Let t = -4 + 6. Let w = t - 0. Suppose -3*b = -w*n - 27, -2*b + 5*n + 6 = -1. What is the units digit of b?
1
Suppose -3*f = -2*l - 14, 0 = 2*l - 2*f + 9 + 3. What is the units digit of (-1 + -2)*l/6?
2
Let x(n) = n**3 - 8*n**2 + 7*n + 8. Suppose -g + 3*l = 8, l = 4*l - 15. What is the units digit of x(g)?
8
Let y = 3 + -1. Suppose 0 = -0*k - 2*k. Suppose 3*p + k*a - y*a + 1 = 0, -9 = 2*p - 3*a. What is the units digit of p?
3
Let o(b) = -b**2 + 4*b - 1. Let q be o(3). Suppose -q*v - 38 = -l, 2*l + l = 5*v + 95. Let p = v - -32. What is the tens digit of p?
1
Suppose 0*w + 5*w - d - 36 = 0, 3*w = 3*d + 24. Suppose -w*l - 26 = -9*l. What is the tens digit of l?
1
Suppose -s + 288 = 3*k + 2*s, 3*k - 4*s - 267 = 0. What is the units digit of k?
3
Let j = 20 + -18. Suppose 0 = -2*a - 5*n + 27, 0*a + j*a + 3*n - 37 = 0. What is the units digit of a?
6
Let c be ((-35)/15)/((-2)/(-6)). Let t(f) = -f**2 - 9*f - 10. Let s be t(c). Suppose s = i + i. What is the units digit of i?
2
Suppose -4*z + 0*z = 2*h + 16, 4 = -z. Suppose -4*i + 0*i + 16 = h. Suppose -i*v - 2 + 30 = 0. What is the units digit of v?
7
What is the units digit of 1 + 89 - (2/2)/1?
9
Let q(w) = 2*w**2 + 10*w + 2. Let s be q(-7). Suppose 3*h = 114 - s. What is the units digit of h?
8
Let x = 72 - -8. What is the units digit of x?
0
Suppose -3*m - 1 = -a + 1, 3*m + 5*a = 10. Let i = 18 + m. What is the units digit of i?
8
Let y = -70 - -100. What is the tens digit of y?
3
Let i(f) = f**2 - 4*f + 2. What i